{"id":227,"date":"2017-10-18T13:38:47","date_gmt":"2017-10-18T13:38:47","guid":{"rendered":"http:\/\/webdesigncup.net\/demowp\/luminis\/?page_id=11"},"modified":"2018-12-31T13:33:56","modified_gmt":"2018-12-31T13:33:56","slug":"faq","status":"publish","type":"page","link":"https:\/\/eye-view-vision.de\/?page_id=227","title":{"rendered":"FAQ"},"content":{"rendered":"<h4 class=\"faq-title\"><a href=\"http:\/\/eye-view-vision.de\/?page_id=227\">Wo finde ich Eye Sonny und wie kann ich sie am besten erreichen?<\/a><\/h4>\n<div id=\"faq1\" class=\"faq-section\">Ich lebe in Hildesheim, arbeite nat\u00fcrlich auch fern meiner Stadtgrenzen in Hannover und Umgebung. Gerne nehme ich weitere Strecken in Kauf. Einfach das Thema ansprechen.<br \/>\nAm besten erreichen Sie mich per Mobiltelefon (0176 5767 1919) wie auch per e-Mail.<br \/>\nEinfach auf die Kontakt-Seite klicken&#8230;<\/div>\n<div><\/div>\n<h4 class=\"faq-title\"><a href=\"#faq2\">Wie weit w\u00fcrde Eye Sonny denn fahren um f\u00fcr mich zu fotografieren?<\/a><\/h4>\n<div id=\"faq2\" class=\"faq-section\">Das ist alles eine Frage der Abstimmung. Gerne begleite ich Sie dahin wo Sie mich dabei brauchen. Findet Ihre Hochzeit in Paris statt, begleite ich Sie. Ihre Tagung ist in Graz? Selbstverst\u00e4ndlich!<br \/>\nSprechen Sie einfach mit mir und schauen wir gemeinsam wie wir das Agenda f\u00fcr beide Seiten gestalten.<\/div>\n<div><\/div>\n<h4 class=\"faq-title\"><a href=\"#faq3\">Gibt es Festpreise oder l\u00e4sst sich eventuell doch was anderes aushandeln?<\/a><\/h4>\n<div id=\"faq3\" class=\"faq-section\">Ich gebe eine ungef\u00e4hre Richtlinie vor die, je nach Aufwand, nat\u00fcrlich verhandelbar ist.<br \/>\nBuchen Sie mich \u00f6fter oder empfehlen Sie mich weiter, dann kann der Preis flexibel angepasst werden oder Sie bekommen ein Shooting geschenkt!<\/div>\n<div><\/div>\n<h4 class=\"faq-title\"><a href=\"#faq4\">Ich habe eine bestimmte Vorstellung was ich m\u00f6chte aber was wenn nicht?<\/a><\/h4>\n<div id=\"faq4\" class=\"faq-section\">Schauen Sie Sich meine Arbeit vorab an &#8211; gef\u00e4llt es Ihnen wie ich die Dinge sehe?<\/div>\n<div class=\"faq-section\">Um Vermeidbares gleich abzugreifen, ist es unerl\u00e4sslich mir die besonderen W\u00fcnsche so offen wie m\u00f6glich mitzuteilen, so verr\u00fcckt sie unter Umst\u00e4nden zu sein scheinen; ich arbeite mit Ihnen zusammen an die Umsetzung! Oder &#8211; lassen Sie Sich \u00fcberraschen&#8230;.<\/div>\n<div><\/div>\n<div><\/div>\n<h4 class=\"faq-title\"><a href=\"#faq5\">K\u00fcmmern Sie Sich um Abz\u00fcge, Fotob\u00fccher, Rahmen und \u00e4hnliches?<\/a><\/h4>\n<div id=\"faq5\" class=\"faq-section\">Selbstverst\u00e4ndlich! Hier gibt es eine Vielzahl an Druckm\u00f6glichkeiten die ich f\u00fcr Sie gerne gestalte.<br \/>\nIhre W\u00fcnsche sind nahezu unbegrenzt umsetzbar.<\/div>\n","protected":false},"excerpt":{"rendered":"<p>Wo finde ich Eye Sonny und wie kann ich sie am besten erreichen? Ich lebe in Hildesheim, arbeite nat\u00fcrlich auch fern meiner Stadtgrenzen in Hannover und Umgebung. Gerne nehme ich weitere Strecken in Kauf. Einfach das Thema ansprechen. Am besten erreichen Sie mich per Mobiltelefon (0176 5767 1919) wie auch per e-Mail. Einfach auf die Kontakt-Seite klicken&#8230; Wie weit w\u00fcrde&#8230;<\/p>\n","protected":false},"author":1,"featured_media":589,"parent":15,"menu_order":0,"comment_status":"closed","ping_status":"closed","template":"","meta":{"footnotes":""},"class_list":["post-227","page","type-page","status-publish","has-post-thumbnail","hentry"],"_links":{"self":[{"href":"https:\/\/eye-view-vision.de\/index.php?rest_route=\/wp\/v2\/pages\/227","targetHints":{"allow":["GET"]}}],"collection":[{"href":"https:\/\/eye-view-vision.de\/index.php?rest_route=\/wp\/v2\/pages"}],"about":[{"href":"https:\/\/eye-view-vision.de\/index.php?rest_route=\/wp\/v2\/types\/page"}],"author":[{"embeddable":true,"href":"https:\/\/eye-view-vision.de\/index.php?rest_route=\/wp\/v2\/users\/1"}],"replies":[{"embeddable":true,"href":"https:\/\/eye-view-vision.de\/index.php?rest_route=%2Fwp%2Fv2%2Fcomments&post=227"}],"version-history":[{"count":12,"href":"https:\/\/eye-view-vision.de\/index.php?rest_route=\/wp\/v2\/pages\/227\/revisions"}],"predecessor-version":[{"id":845,"href":"https:\/\/eye-view-vision.de\/index.php?rest_route=\/wp\/v2\/pages\/227\/revisions\/845"}],"up":[{"embeddable":true,"href":"https:\/\/eye-view-vision.de\/index.php?rest_route=\/wp\/v2\/pages\/15"}],"wp:featuredmedia":[{"embeddable":true,"href":"https:\/\/eye-view-vision.de\/index.php?rest_route=\/wp\/v2\/media\/589"}],"wp:attachment":[{"href":"https:\/\/eye-view-vision.de\/index.php?rest_route=%2Fwp%2Fv2%2Fmedia&parent=227"}],"curies":[{"name":"wp","href":"https:\/\/api.w.org\/{rel}","templated":true}]}}